
3
Let r(w) = 14*w**2 + 93*w - 505. What is r(6)?
557
Let w(t) = 131*t**2 - 1973*t + 161. What is w(15)?
41
Let d(y) = 622*y**2 + 10809*y + 3963. What is d(-17)?
-32
Let u(t) = -t**3 + 4*t**2 + 123*t + 552. Determine u(-8).
336
Let w(q) = 4*q**2 + 364*q + 740. What is w(-2)?
28
Let i(g) = g**2 - 157*g + 5233. Give i(103).
-329
Let j(g) = -4*g**3 - 18*g**2 + 276*g - 16. Give j(6).
128
Let y(h) = 1023*h - 31763. What is y(31)?
-50
Let w(m) = -228*m - 2748. Determine w(-12).
-12
Let s(q) = q**3 - 2*q**2 + 1281*q - 10468. What is s(8)?
164
Let r(a) = 507*a - 8090. Calculate r(16).
22
Let j(p) = 126*p + 9201. What is j(-73)?
3
Let u(j) = j**2 - 6538*j + 3685050. Calculate u(623).
5
Let n(y) = -29*y**2 - 31326*y - 125294. Determine n(-4).
-454
Let d(j) = j**3 - 220*j**2 - 232*j + 599. What is d(221)?
-1832
Let j(g) = 8*g**2 - 324*g - 6. Determine j(0).
-6
Let m(s) = s**3 + 186*s**2 - 369*s + 1303. Determine m(-188).
-13
Let f(b) = 16059*b - 224765. What is f(14)?
61
Let k(l) = 4*l**2 - 253*l + 3984. What is k(35)?
29
Let d(h) = 117343*h - 821403. Calculate d(7).
-2
Let j(o) = -o**3 - 280*o**2 - 8992*o - 164. Determine j(-243).
79
Let f(y) = -2*y**3 + 75*y**2 - 37*y - 41. Calculate f(37).
-41
Let f(z) = 167*z + 7111. Give f(-45).
-404
Let v(c) = -11465*c - 68649. What is v(-6)?
141
Let u(f) = -20*f + 1056. Calculate u(55).
-44
Let i(z) = -391*z - 225038. Calculate i(-576).
178
Let v(g) = -g**3 - 35*g**2 - 261*g - 197. Give v(-16).
-885
Let z(w) = -48314*w - 289872. Give z(-6).
12
Let u(i) = -50996*i + 102677. Calculate u(2).
685
Let g(s) = -3398*s + 88042. Give g(26).
-306
Let w(i) = -11*i**3 - 246*i**2 - 900*i - 600. Calculate w(-18).
48
Let o(z) = 14*z**2 + 1323*z - 4708. Give o(-98).
94
Let d(n) = n**3 + 13*n**2 - 99*n - 745. Give d(-5).
-50
Let p(q) = -3*q**3 + 835*q**2 + 9250*q - 372. Determine p(289).
206
Let k(x) = -4177*x - 345. Give k(0).
-345
Let q(j) = 2*j**2 + 88*j - 960. Determine q(10).
120
Let g(b) = b**3 - 10*b**2 - 228*b + 1672. Calculate g(7).
-71
Let a(i) = -2*i**3 + 989*i**2 - 297*i - 97305. Determine a(494).
13
Let v(n) = -3*n**3 - 42*n**2 + 68*n + 1007. Give v(-14).
55
Let i(o) = o**3 - 746*o**2 + 2276*o - 137. Determine i(3).
4
Let v(c) = -12978*c + 389505. Give v(30).
165
Let j(q) = -q**2 - 1412*q - 12657. Determine j(-9).
-30
Let p(a) = -a**2 - 412*a - 20262. Determine p(-55).
-627
Let v(m) = -m**3 - 435*m**2 - 4017*m - 1651. What is v(-9)?
-4
Let x(w) = 2*w**2 + 46294*w + 323969. Calculate x(-7).
9
Let u(n) = -2233*n + 31325. Give u(14).
63
Let x(p) = p**2 - 10464*p + 375394. Give x(36).
-14
Let v(p) = -19165*p + 325786. What is v(17)?
-19
Let d(n) = -5*n**3 - 1019*n**2 - 4072*n - 5. Calculate d(-4).
299
Let a(c) = 70932*c - 1064006. What is a(15)?
-26
Let n(g) = 8*g**2 - 337*g + 2764. Calculate n(14).
-386
Let f(b) = 3691*b - 1749537. Calculate f(474).
-3
Let y(s) = 3*s**3 + 51*s**2 - 624*s - 166. Calculate y(-24).
2714
Let g(m) = 3*m**2 + 374*m + 220. Give g(0).
220
Let z(y) = y**3 + 35*y**2 + 306*y - 112. Determine z(-15).
-202
Let q(t) = -2*t**3 - 258*t**2 + 515*t + 174. Calculate q(-131).
1353
Let j(v) = -29*v**2 + 6893*v - 311535. Give j(177).
-15
Let r(t) = -t**3 + 53*t**2 + 240*t - 890. Determine r(-7).
370
Let g(m) = -642*m + 123971. Calculate g(193).
65
Let o(m) = 2*m**3 + 127*m**2 + 1939*m - 803. What is o(-37)?
11
Let j(c) = -c**3 + 68*c**2 + 237*c - 17778. Give j(68).
-1662
Let r(g) = 29824*g + 238259. Calculate r(-8).
-333
Let q(z) = 2*z**2 - 9*z + 203. Determine q(0).
203
Let n(a) = -a**3 - 41*a**2 - 98*a + 641. Determine n(-38).
33
Let c(a) = a**2 + 935*a - 114117. Calculate c(110).
833
Let l(f) = 15*f**3 - 4349*f**2 - 294*f + 1169. Calculate l(290).
9
Let m(y) = -386*y - 53515. Calculate m(-136).
-1019
Let h(t) = t**3 + 76*t**2 + 130*t - 1362. What is h(-74)?
-30
Let u(h) = -7*h**2 - 1218*h - 691. Determine u(-174).
-691
Let v(z) = 12891*z - 296506. Determine v(23).
-13
Let n(k) = -k**3 + 49*k**2 - 136*k + 8083. Calculate n(49).
1419
Let y(q) = -265*q**2 + 4871*q - 4602. Calculate y(1).
4
Let f(v) = v**3 - 104*v**2 + 261*v + 4205. Determine f(101).
-37
Let l(n) = 7*n**2 + 1051*n + 17433. Determine l(-19).
-9
Let c(a) = -5*a**3 - 1118*a**2 + 583*a + 30260. Calculate c(-224).
20
Let c(j) = 516*j + 24412. Calculate c(-48).
-356
Let i(q) = -q**3 - 226*q**2 + 692*q + 636. Determine i(-229).
-509
Let m(s) = -s**3 + 2010*s**2 - 23977*s + 8. Give m(12).
-4
Let o(s) = -57856*s - 289276. Give o(-5).
4
Let v(t) = -20*t**2 + 132*t + 1021. What is v(-8)?
-1315
Let g(v) = -v**2 - 426*v + 99024. Determine g(167).
-7
Let k(g) = 13185*g - 1278953. Determine k(97).
-8
Let d(n) = -9*n**2 + 841*n + 34. Calculate d(92).
1230
Let d(j) = -657334*j - 5258683. Give d(-8).
-11
Let l(k) = -38*k**2 + 13294*k + 1283. Determine l(350).
-817
Let b(s) = -16*s**3 + 21*s**2 - 15*s - 161. What is b(4)?
-909
Let s(p) = 830*p - 3158. Give s(4).
162
Let h(q) = 37236*q + 188356. Give h(-5).
2176
Let n(g) = -148*g**2 + 253*g + 400. Calculate n(-5).
-4565
Let u(i) = -30462*i + 24826510. Give u(815).
-20
Let x(q) = -493*q + 220346. Give x(447).
-25
Let f(i) = 25*i**3 - 2363*i**2 - 1104*i - 3438. Determine f(95).
-18
Let l(d) = -4*d**2 - 48*d + 6891. Calculate l(-49).
-361
Let p(o) = -3107*o - 403891. Determine p(-130).
19
Let p(u) = 8279*u - 157324. Calculate p(19).
-23
Let p(z) = -206974*z - 620941. What is p(-3)?
-19
Let d(b) = -12*b**3 - 48*b**2 - 258*b - 321. Give d(-2).
99
Let x(r) = -r**3 + 43*r**2 - 310*r - 3503. What is x(25)?
-3
Let m(v) = 114684*v - 8142571. What is m(71)?
-7
Let n(q) = 941*q + 52728. What is n(-56)?
32
Let j(z) = 3*z**2 - 298*z + 3400. Determine j(87).
181
Let s(a) = -a**3 - 38*a**2 - 170*a - 19. What is s(-5)?
6
Let k(o) = -22726*o - 977214. Give k(-43).
4
Let g(h) = -147*h + 77. Calculate g(12).
-1687
Let h(w) = -3*w - 196. Calculate h(9).
-223
Let b(f) = 2*f**2 + 26292*f + 1804625. What is b(-69)?
-1
Let s(u) = u**3 + 4*u**2 - 91*u - 59. What is s(8)?
-19
Let d(z) = -618*z - 30287. Give d(-49).
-5
Let p(q) = -7444*q + 193517. Determine p(26).
-27
Let q(x) = 5*x**3 + 186*x**2 + 1399*x - 10. Calculate q(-7).
-2404
Let p(l) = -174*l - 15179. What is p(-103)?
2743
Let n(o) = -10*o**3 + 191*o**2 - 15*o + 53. Calculate n(19).
129
Let b(x) = 9*x**2 - 360*x - 21675. Give b(73).
6
Let t(k) = 6*k**2 - 604567*k + 604568. Calculate t(1).
7
Let r(l) = 594*l - 16494. Calculate r(28).
138
Let u(z) = -z**3 - 92*z**2 + 110*z + 1094. What is u(-93)?
-487
Let m(b) = 178*b + 3056. Determine m(-16).
208
Let y(l) = -3*l**2 + 123*l + 2262. Determine y(54).
156
Let z(i) = 5*i**2 + 86*i + 576. Give z(-6).
240
Let v(o) = -2*o**2 + 115535*o + 2311500. What is v(-20)?
0
Let j(y) = y**2 - 4404*y + 26393. What is j(6)?
5
Let x(j) = -2*j**2 + 229*j + 1182. Calculate x(-5).
-13
Let n(w) = 2*w**3 + 7*w**2 + 27790*w + 55579. Determine n(-2).
11
Let q(r) = 21799*r - 544824. Determine q(25).
151
Let n(p) = p**2 - 106*p + 1017. What is n(85)?
-768
Let n(y) = 7*y**2 + 1133*y - 91. Determine n(-162).
71
Let f(p) = 338*p + 16042. Determine f(-47).
156
Let r(h) = -8*h**3 - 3234*h**2 + 2442*h + 4732. What is r(-405)?
-128
Let g(i) = -696*i + 373056. Calculate g(536).
0
Let z(p) = 27*p**2 + 46*p + 11. Give z(13).
5172
Let x(u) = u**3 - 46*u**2 - 57*u - 1219. What is x(48)?
653
Let g(m) = -4*m**3 - 332*m**2 - 1538*m + 44859. Calculate g(-76).
19
Let r(n) = 9409*n - 1599524. Determine r(170).
6
Let k(z) = -3*z**3 + 35*z**2 + 34*z - 29. Calculate k(12).
235
Let z(g) = -4*g**3 + 148*g**2 - 95*g - 80. Calculate z(36).
1684
Let j(m) = m**3 + 18*m**2 - 67*m - 89. Calculate j(4).
-5
Let u(c) = -411*c + 9040. Give u(22).
-2
Let q(o) = -133*o**2 + 15*o + 99. Give q(-4).
-2089
Let o(x) = -422*x + 14910. Calculate o(35).
140
Let d(m) = -m**3 + 2*m**2 + 113*m + 18. Give d(10).
348
Let f(b) = -8074*b**2 - 48490*b - 14. Give f(-6).
262
Let b(u) = -246614*u + 2466126. Determine b(10).
-14
Let h(w) = -6*w**3 - 80*w**2 - 83*w - 290. What is h(-13)?
451
Let j(q) = 1993*q - 73651. Determine j(37).
90
Let s(r) = -524*r**3 - 1047*r**2 + 130*r + 255. Calculate s(-2).
-1
Let m(v) = v**2 + 1075*v - 223023. What is m(178)?
11
Let x(i) = -3*i**3 + 51*i**2 + 41*i - 783. What is x(4)?
5
Let b(y) = 44*y**3 + 16374*y**2 + 2222*y - 3719. Determine b(-372).
1
Let o(j) = -1768*j - 42399. D